{"version":"1.0","provider_name":"anyajotakar","provider_url":"https:\/\/anyajotakar.cafeblog.hu","author_name":"Anyajotakar","author_url":"https:\/\/anyajotakar.cafeblog.hu\/author\/lujza1\/","title":"Ap\u00e1k","html":"<p>\"A <strong>t\u00e1rsasj\u00e1t\u00e9kok<\/strong> sor\u00e1n azokn\u00e1l a gyerekekn\u00e9l fejl\u0151dtek ki a <strong>legjobb<\/strong> <strong>szoci\u00e1lis<\/strong> <strong>k\u00e9szs\u00e9gek<\/strong>, akiknek az <strong>apja<\/strong> <strong>pozit\u00edvan<\/strong> nyilv\u00e1nult meg fel\u00e9j\u00fck \u00e9s hagyta, hogy a gyerek maga ir\u00e1ny\u00edtsa a j\u00e1t\u00e9k menet\u00e9t.\"<\/p>\r\n<div dir=\"auto\">Fontos, \"hogy az ap\u00e1k ker\u00fclj\u00e9k a kritiz\u00e1l\u00e1st, a megal\u00e1z\u00e1st, a becsm\u00e9rl\u00e9st \u00e9s a tolakod\u00e1st a gyerekeikkel kapcsolatban.\"<\/div>\r\n<div dir=\"auto\">...<em><strong>\"J\u00f3 ap\u00e1nak lenni nem azt jelenti, hogy feladatokat v\u00e9gz\u00fcnk a gyermekeink jelenl\u00e9t\u00e9nek dac\u00e1ra.\u00a0<\/strong><\/em><em><strong>Sokkal ink\u00e1bb azt, hogy elfogadjuk a szerep\u00fcnket egy emberi l\u00e9ny felnevel\u00e9s\u00e9nek h\u00fasz\u00e9ves folyamat\u00e1ban.<\/strong><\/em><\/div>\r\n<div dir=\"auto\">Ehhez le kell lass\u00edtani, id\u0151t kell sz\u00e1nni arra, hogy kettesben legy\u00fcnk a gyerek\u00fcnkkel \u00e9s azon a szinten tudjunk viszonyulni hozz\u00e1, amit az \u00e9letkora megk\u00f6vetel.\"<\/div>\r\n<div dir=\"auto\"><img class=\"aligncenter size-thumbnail wp-image-330\" src=\"https:\/\/anyajotakar.cafeblog.hu\/files\/2018\/07\/people-3144087_640-150x150.jpg\" alt=\"\" width=\"150\" height=\"150\" \/><\/div>\r\n<div dir=\"auto\">(Dr. John Gottman: Gyerekek \u00e9rzelmi intelligenci\u00e1ja)<\/div>","type":"rich","thumbnail_url":"https:\/\/anyajotakar.cafeblog.hu\/files\/2018\/07\/people-3144087_640-150x150.jpg","thumbnail_width":150,"thumbnail_height":150}

Apák

<p>"A <strong>társasjátékok</strong> során azoknál a gyerekeknél fejlődtek ki a <strong>legjobb</strong> <strong>szociális</strong> <strong>készségek</strong>, akiknek az <strong>apja</strong> <strong>pozitívan</strong> nyilvánult meg feléjük és hagyta, hogy a gyerek maga irányítsa a játék menetét."</p>
<div dir="auto">Fontos, "hogy az apák kerüljék a kritizálást, a megalázást, a becsmérlést és a tolakodást a gyerekeikkel kapcsolatban."</div>
<div dir="auto">...<em><strong>"Jó apának lenni nem azt jelenti, hogy feladatokat végzünk a gyermekeink jelenlétének dacára. </strong></em><em><strong>Sokkal inkább azt, hogy elfogadjuk a szerepünket egy emberi lény felnevelésének húszéves folyamatában.</strong></em></div>
<div dir="auto">Ehhez le kell lassítani, időt kell szánni arra, hogy kettesben legyünk a gyerekünkkel és azon a szinten tudjunk viszonyulni hozzá, amit az életkora megkövetel."</div>
<div dir="auto"><img class="aligncenter size-thumbnail wp-image-330" src="https://anyajotakar.cafeblog.hu/files/2018/07/people-3144087_640-150x150.jpg" alt="" width="150" height="150" /></div>
<div dir="auto">(Dr. John Gottman: Gyerekek érzelmi intelligenciája)</div>
