{"version":"1.0","provider_name":"anyajotakar","provider_url":"https:\/\/anyajotakar.cafeblog.hu","author_name":"Anyajotakar","author_url":"https:\/\/anyajotakar.cafeblog.hu\/author\/lujza1\/","title":"Kommunik\u00e1ci\u00f3 ir\u00e1nti v\u00e1gy","html":"<p>\"Manaps\u00e1g a gyerekkor egyszer\u0171 ism\u00e9tl\u00e9se lenne a mi\u00e9nknek? Ut\u00e1noznunk k\u00e9ne-e azokat, akik sikeresen felnevelt\u00e9k az el\u0151z\u0151 gener\u00e1ci\u00f3kat?<\/p>\r\n<p>Nem.<!--more--><\/p>\r\n<p>A val\u00f3s\u00e1gos k\u00f6r\u00fclm\u00e9nyek v\u00e1ltoztak \u00e9s \u00e1lland\u00f3an v\u00e1ltoznak. A gyerekekn\u00e9l ezeknek kell megfelelni\u00fck a fejl\u0151d\u00e9s\u00fck folyam\u00e1n.<\/p>\r\n<blockquote>\r\n<p><em>Ami nem v\u00e1ltozik, az a gyerekeknek a feln\u0151ttekkel val\u00f3 kommunik\u00e1ci\u00f3 ir\u00e1nti v\u00e1gya.<\/em><\/p>\r\n<\/blockquote>\r\n<p>Ez l\u00e9tezik \u00e9s mindig is l\u00e9tezett, mert az emberi l\u00e9ny saj\u00e1tja a kifejez\u00e9sv\u00e1gy \u00e9s a t\u00f6rekv\u00e9s a m\u00e1sokkal val\u00f3 kommunik\u00e1ci\u00f3ra, a kora \u00e9s a nyelvi akad\u00e1lyok ellen\u00e9re, \u00e9s szenved, ha nem teheti \u00e9s ha eszk\u00f6zei alkalmatlanok.\"<\/p>\r\n<p>(Lawrence J. Cohen: J\u00e1t\u00e9kos nevel\u00e9s)<\/p>","type":"rich"}

Kommunikáció iránti vágy

<p>"Manapság a gyerekkor egyszerű ismétlése lenne a miénknek? Utánoznunk kéne-e azokat, akik sikeresen felnevelték az előző generációkat?</p>
<p>Nem.<!--more--></p>
<p>A valóságos körülmények változtak és állandóan változnak. A gyerekeknél ezeknek kell megfelelniük a fejlődésük folyamán.</p>
<blockquote>
<p><em>Ami nem változik, az a gyerekeknek a felnőttekkel való kommunikáció iránti vágya.</em></p>
</blockquote>
<p>Ez létezik és mindig is létezett, mert az emberi lény sajátja a kifejezésvágy és a törekvés a másokkal való kommunikációra, a kora és a nyelvi akadályok ellenére, és szenved, ha nem teheti és ha eszközei alkalmatlanok."</p>
<p>(Lawrence J. Cohen: Játékos nevelés)</p>
